{"id":76,"date":"2025-09-09T15:23:37","date_gmt":"2025-09-09T15:23:37","guid":{"rendered":"https:\/\/mvsconsultores.cl\/?page_id=76"},"modified":"2025-09-24T16:30:29","modified_gmt":"2025-09-24T16:30:29","slug":"gobierno-riesgo-cumplimiento","status":"publish","type":"page","link":"https:\/\/mvsconsultores.cl\/index.php\/gobierno-riesgo-cumplimiento\/","title":{"rendered":"Gobierno, Riesgo, Cumplimiento"},"content":{"rendered":"\n<div class=\"wp-block-uagb-container uagb-block-qjxjo9th alignfull uagb-is-root-container\"><div class=\"uagb-container-inner-blocks-wrap\">\n<div class=\"wp-block-uagb-info-box uagb-block-ezyngvea uagb-infobox__content-wrap  uagb-infobox-icon-above-title uagb-infobox-image-valign-top\"><div class=\"uagb-ifb-content\"><div class=\"uagb-ifb-title-wrap\"><h2 class=\"uagb-ifb-title\">Gobierno, Riesgo, Cumplimiento<\/h2><\/div><p class=\"uagb-ifb-desc\">Fortalecemos tu organizaci\u00f3n desde la cultura, los procesos y la certificaci\u00f3n, asegurando una seguridad integral y sostenible.<\/p><\/div><\/div>\n\n\n\n<div class=\"wp-block-uagb-container uagb-block-w1iykr7s\">\n<div class=\"wp-block-uagb-container uagb-block-zqvlchyv\">\n<div class=\"wp-block-uagb-image alignleft uagb-block-jn8wdnjn wp-block-uagb-image--layout-default wp-block-uagb-image--effect-static wp-block-uagb-image--align-left\"><figure class=\"wp-block-uagb-image__figure\"><img decoding=\"async\" srcset=\"https:\/\/mvsconsultores.cl\/wp-content\/uploads\/2025\/09\/alegre-orador-hablando-y-mirando-distancia-1024x683.jpg ,https:\/\/mvsconsultores.cl\/wp-content\/uploads\/2025\/09\/alegre-orador-hablando-y-mirando-distancia-scaled.jpg 780w, https:\/\/mvsconsultores.cl\/wp-content\/uploads\/2025\/09\/alegre-orador-hablando-y-mirando-distancia-scaled.jpg 360w\" sizes=\"auto, (max-width: 480px) 150px\" src=\"https:\/\/mvsconsultores.cl\/wp-content\/uploads\/2025\/09\/alegre-orador-hablando-y-mirando-distancia-1024x683.jpg\" alt=\"\" class=\"uag-image-132\" width=\"576\" height=\"364\" title=\"Cheerful speaker talking and looking at distance\" loading=\"lazy\" role=\"img\"\/><\/figure><\/div>\n\n\n\n<div class=\"wp-block-uagb-info-box uagb-block-exhxmmel uagb-infobox__content-wrap  uagb-infobox-icon-above-title uagb-infobox-image-valign-top\"><div class=\"uagb-ifb-content\"><div class=\"uagb-ifb-title-wrap\"><h3 class=\"uagb-ifb-title\">Conciencia y Seguridad<\/h3><\/div><p class=\"uagb-ifb-desc\">Programa de capacitaci\u00f3n y sensibilizaci\u00f3n dirigido a colaboradores para fomentar buenas pr\u00e1cticas en el uso de la informaci\u00f3n, reducir errores humanos y prevenir incidentes de seguridad. <strong>El objetivo es crear una cultura organizacional de ciberseguridad.<\/strong><\/p><\/div><\/div>\n\n\n\n<div class=\"wp-block-uagb-buttons uagb-buttons__outer-wrap uagb-btn__default-btn uagb-btn-tablet__default-btn uagb-btn-mobile__default-btn uagb-block-hyq7waxv\"><div class=\"uagb-buttons__wrap uagb-buttons-layout-wrap \">\n<div class=\"wp-block-uagb-buttons-child uagb-buttons__outer-wrap uagb-block-zxjzvpej wp-block-button\"><div class=\"uagb-button__wrapper\"><a class=\"uagb-buttons-repeater ast-outline-button\" aria-label=\"\" style=\"border-width:revert-layer\" href=\"#\" rel=\"follow noopener\" target=\"_self\" role=\"button\"><div class=\"uagb-button__link\">Get Started<\/div><\/a><\/div><\/div>\n<\/div><\/div>\n<\/div>\n\n\n\n<div class=\"wp-block-uagb-container uagb-block-f1xctmsc\">\n<div class=\"wp-block-uagb-image alignleft uagb-block-vyngegl0 wp-block-uagb-image--layout-default wp-block-uagb-image--effect-static wp-block-uagb-image--align-left\"><figure class=\"wp-block-uagb-image__figure\"><img decoding=\"async\" srcset=\"https:\/\/mvsconsultores.cl\/wp-content\/uploads\/2025\/09\/concepto-de-control-de-calidad-estandar-m-1024x778.jpg ,https:\/\/mvsconsultores.cl\/wp-content\/uploads\/2025\/09\/concepto-de-control-de-calidad-estandar-m-scaled.jpg 780w, https:\/\/mvsconsultores.cl\/wp-content\/uploads\/2025\/09\/concepto-de-control-de-calidad-estandar-m-scaled.jpg 360w\" sizes=\"auto, (max-width: 480px) 150px\" src=\"https:\/\/mvsconsultores.cl\/wp-content\/uploads\/2025\/09\/concepto-de-control-de-calidad-estandar-m-1024x778.jpg\" alt=\"\" class=\"uag-image-133\" width=\"576\" height=\"364\" title=\"concepto-de-control-de-calidad-estandar-m\" loading=\"lazy\" role=\"img\"\/><\/figure><\/div>\n\n\n\n<div class=\"wp-block-uagb-info-box uagb-block-htlhqbbq uagb-infobox__content-wrap  uagb-infobox-icon-above-title uagb-infobox-image-valign-top\"><div class=\"uagb-ifb-content\"><div class=\"uagb-ifb-title-wrap\"><h3 class=\"uagb-ifb-title\">SGSI (Sistema de Gesti\u00f3n de Seguridad de la Informaci\u00f3n)<\/h3><\/div><p class=\"uagb-ifb-desc\">Es un marco de pol\u00edticas, procesos y controles que permite a la empresa <strong>gestionar, proteger y mejorar de forma continua la seguridad de su informaci\u00f3n<\/strong>. Un SGSI ayuda a identificar riesgos, aplicar medidas de protecci\u00f3n y garantizar el cumplimiento de normativas.<\/p><\/div><\/div>\n\n\n\n<div class=\"wp-block-uagb-buttons uagb-buttons__outer-wrap uagb-btn__default-btn uagb-btn-tablet__default-btn uagb-btn-mobile__default-btn uagb-block-ifptdbcg\"><div class=\"uagb-buttons__wrap uagb-buttons-layout-wrap \">\n<div class=\"wp-block-uagb-buttons-child uagb-buttons__outer-wrap uagb-block-6dycchi2 wp-block-button\"><div class=\"uagb-button__wrapper\"><a class=\"uagb-buttons-repeater ast-outline-button\" aria-label=\"\" style=\"border-width:revert-layer\" href=\"#\" rel=\"follow noopener\" target=\"_self\" role=\"button\"><div class=\"uagb-button__link\">Get Started<\/div><\/a><\/div><\/div>\n<\/div><\/div>\n<\/div>\n\n\n\n<div class=\"wp-block-uagb-container uagb-block-jmpyehty\">\n<div class=\"wp-block-uagb-image alignleft uagb-block-gwjlgoi7 wp-block-uagb-image--layout-default wp-block-uagb-image--effect-static wp-block-uagb-image--align-left\"><figure class=\"wp-block-uagb-image__figure\"><img decoding=\"async\" srcset=\"https:\/\/mvsconsultores.cl\/wp-content\/uploads\/2025\/09\/videoconferencia-de-primer-plano-independiente-en-casa-1024x683.jpg ,https:\/\/mvsconsultores.cl\/wp-content\/uploads\/2025\/09\/videoconferencia-de-primer-plano-independiente-en-casa-scaled.jpg 780w, https:\/\/mvsconsultores.cl\/wp-content\/uploads\/2025\/09\/videoconferencia-de-primer-plano-independiente-en-casa-scaled.jpg 360w\" sizes=\"auto, (max-width: 480px) 150px\" src=\"https:\/\/mvsconsultores.cl\/wp-content\/uploads\/2025\/09\/videoconferencia-de-primer-plano-independiente-en-casa-1024x683.jpg\" alt=\"\" class=\"uag-image-134\" width=\"576\" height=\"364\" title=\"videoconferencia-de-primer-plano-independiente-en-casa\" loading=\"lazy\" role=\"img\"\/><\/figure><\/div>\n\n\n\n<div class=\"wp-block-uagb-info-box uagb-block-913mjs2v uagb-infobox__content-wrap  uagb-infobox-icon-above-title uagb-infobox-image-valign-top\"><div class=\"uagb-ifb-content\"><div class=\"uagb-ifb-title-wrap\"><h3 class=\"uagb-ifb-title\">GAP An\u00e1lisis<\/h3><\/div><p class=\"uagb-ifb-desc\">Evaluaci\u00f3n que compara el estado actual de la seguridad en la organizaci\u00f3n con est\u00e1ndares internacionales (como ISO 27001). <strong>Permite identificar brechas (GAPs), riesgos y \u00e1reas de mejora<\/strong>, para trazar un plan de acci\u00f3n hacia el cumplimiento y fortalecimiento de la seguridad.<\/p><\/div><\/div>\n\n\n\n<div class=\"wp-block-uagb-buttons uagb-buttons__outer-wrap uagb-btn__default-btn uagb-btn-tablet__default-btn uagb-btn-mobile__default-btn uagb-block-rltduznp\"><div class=\"uagb-buttons__wrap uagb-buttons-layout-wrap \">\n<div class=\"wp-block-uagb-buttons-child uagb-buttons__outer-wrap uagb-block-iuajjd7r wp-block-button\"><div class=\"uagb-button__wrapper\"><a class=\"uagb-buttons-repeater ast-outline-button\" aria-label=\"\" style=\"border-width:revert-layer\" href=\"#\" rel=\"follow noopener\" target=\"_self\" role=\"button\"><div class=\"uagb-button__link\">Get Started<\/div><\/a><\/div><\/div>\n<\/div><\/div>\n<\/div>\n\n\n\n<div class=\"wp-block-uagb-container uagb-block-qeukn4dq\">\n<div class=\"wp-block-uagb-image alignleft uagb-block-gwfcg8or wp-block-uagb-image--layout-default wp-block-uagb-image--effect-static wp-block-uagb-image--align-left\"><figure class=\"wp-block-uagb-image__figure\"><img decoding=\"async\" srcset=\"https:\/\/mvsconsultores.cl\/wp-content\/uploads\/2025\/09\/concepto-de-collage-de-control-de-calidad-estandar-1024x363.jpg ,https:\/\/mvsconsultores.cl\/wp-content\/uploads\/2025\/09\/concepto-de-collage-de-control-de-calidad-estandar-scaled.jpg 780w, https:\/\/mvsconsultores.cl\/wp-content\/uploads\/2025\/09\/concepto-de-collage-de-control-de-calidad-estandar-scaled.jpg 360w\" sizes=\"auto, (max-width: 480px) 150px\" src=\"https:\/\/mvsconsultores.cl\/wp-content\/uploads\/2025\/09\/concepto-de-collage-de-control-de-calidad-estandar-1024x363.jpg\" alt=\"\" class=\"uag-image-131\" width=\"576\" height=\"364\" title=\"concepto-de-collage-de-control-de-calidad-estandar\" loading=\"lazy\" role=\"img\"\/><\/figure><\/div>\n\n\n\n<div class=\"wp-block-uagb-info-box uagb-block-hsbxak0p uagb-infobox__content-wrap  uagb-infobox-icon-above-title uagb-infobox-image-valign-top\"><div class=\"uagb-ifb-content\"><div class=\"uagb-ifb-title-wrap\"><h3 class=\"uagb-ifb-title\">Implementaci\u00f3n ISO<\/h3><\/div><p class=\"uagb-ifb-desc\">Servicio que gu\u00eda a la organizaci\u00f3n en la <strong>adopci\u00f3n de normas ISO de seguridad de la informaci\u00f3n<\/strong> (como ISO 27001). Incluye dise\u00f1o de pol\u00edticas, procesos y controles, asegurando que la empresa cumpla con los requisitos necesarios para lograr la certificaci\u00f3n.<\/p><\/div><\/div>\n\n\n\n<div class=\"wp-block-uagb-buttons uagb-buttons__outer-wrap uagb-btn__default-btn uagb-btn-tablet__default-btn uagb-btn-mobile__default-btn uagb-block-e6llkcbk\"><div class=\"uagb-buttons__wrap uagb-buttons-layout-wrap \">\n<div class=\"wp-block-uagb-buttons-child uagb-buttons__outer-wrap uagb-block-czm7fepp wp-block-button\"><div class=\"uagb-button__wrapper\"><a class=\"uagb-buttons-repeater ast-outline-button\" aria-label=\"\" style=\"border-width:revert-layer\" href=\"#\" rel=\"follow noopener\" target=\"_self\" role=\"button\"><div class=\"uagb-button__link\">Get Started<\/div><\/a><\/div><\/div>\n<\/div><\/div>\n<\/div>\n\n\n\n<div class=\"wp-block-uagb-container uagb-block-e03d93bc\">\n<div class=\"wp-block-uagb-image alignleft uagb-block-aca07855 wp-block-uagb-image--layout-default wp-block-uagb-image--effect-static wp-block-uagb-image--align-left\"><figure class=\"wp-block-uagb-image__figure\"><img decoding=\"async\" srcset=\"https:\/\/mvsconsultores.cl\/wp-content\/uploads\/2025\/09\/hombre-de-negocios-financiero-inspector-secretaria-haciendo-informe-calculo-o-comprobacion-balance-inspector-del-servicio-de-rentas-internas-revisando-el-documento-concepto-de-auditoria-1024x683.jpg ,https:\/\/mvsconsultores.cl\/wp-content\/uploads\/2025\/09\/hombre-de-negocios-financiero-inspector-secretaria-haciendo-informe-calculo-o-comprobacion-balance-inspector-del-servicio-de-rentas-internas-revisando-el-documento-concepto-de-auditoria-scaled.jpg 780w, https:\/\/mvsconsultores.cl\/wp-content\/uploads\/2025\/09\/hombre-de-negocios-financiero-inspector-secretaria-haciendo-informe-calculo-o-comprobacion-balance-inspector-del-servicio-de-rentas-internas-revisando-el-documento-concepto-de-auditoria-scaled.jpg 360w\" sizes=\"auto, (max-width: 480px) 150px\" src=\"https:\/\/mvsconsultores.cl\/wp-content\/uploads\/2025\/09\/hombre-de-negocios-financiero-inspector-secretaria-haciendo-informe-calculo-o-comprobacion-balance-inspector-del-servicio-de-rentas-internas-revisando-el-documento-concepto-de-auditoria-1024x683.jpg\" alt=\"\" class=\"uag-image-121\" width=\"576\" height=\"364\" title=\"business man financial inspector and secretary making report, ca\" loading=\"lazy\" role=\"img\"\/><\/figure><\/div>\n\n\n\n<div class=\"wp-block-uagb-info-box uagb-block-d8e885d2 uagb-infobox__content-wrap  uagb-infobox-icon-above-title uagb-infobox-image-valign-top\"><div class=\"uagb-ifb-content\"><div class=\"uagb-ifb-title-wrap\"><h3 class=\"uagb-ifb-title\">Auditor\u00edas<\/h3><\/div><p class=\"uagb-ifb-desc\">Proceso de revisi\u00f3n independiente y sistem\u00e1tica que <strong>eval\u00faa la eficacia de las pol\u00edticas, procesos y controles de seguridad implementados<\/strong>. Las auditor\u00edas ayudan a confirmar el cumplimiento con est\u00e1ndares, detectar vulnerabilidades y proponer mejoras continuas.<\/p><\/div><\/div>\n\n\n\n<div class=\"wp-block-uagb-buttons uagb-buttons__outer-wrap uagb-btn__default-btn uagb-btn-tablet__default-btn uagb-btn-mobile__default-btn uagb-block-47a85d8d\"><div class=\"uagb-buttons__wrap uagb-buttons-layout-wrap \">\n<div class=\"wp-block-uagb-buttons-child uagb-buttons__outer-wrap uagb-block-bab1a991 wp-block-button\"><div class=\"uagb-button__wrapper\"><a class=\"uagb-buttons-repeater ast-outline-button\" aria-label=\"\" style=\"border-width:revert-layer\" href=\"#\" rel=\"follow noopener\" target=\"_self\" role=\"button\"><div class=\"uagb-button__link\">Get Started<\/div><\/a><\/div><\/div>\n<\/div><\/div>\n<\/div>\n<\/div>\n<\/div><\/div>\n\n\n\n<div class=\"wp-block-uagb-container uagb-block-a0080c9f alignfull uagb-is-root-container\"><div class=\"uagb-container-inner-blocks-wrap\"><\/div><\/div>\n\n\n\n<div class=\"wp-block-uagb-container uagb-block-bmsfrfjl alignfull uagb-is-root-container\"><div class=\"uagb-container-inner-blocks-wrap\">\n<div class=\"wp-block-uagb-info-box uagb-block-zxczwuom uagb-infobox__content-wrap  uagb-infobox-icon-above-title uagb-infobox-image-valign-top\"><div class=\"uagb-ifb-content\"><div class=\"uagb-ifb-title-wrap\"><h2 class=\"uagb-ifb-title\">Env\u00edenos su mensaje<\/h2><\/div><p class=\"uagb-ifb-desc\">Llene este formulario, deje sus datos y lo contactaremos.<\/p><\/div><\/div>\n\n\n\n<div class=\"wp-block-uagb-container uagb-block-0jexwdpd\">\n<div class=\"wp-block-uagb-forms uagb-forms__outer-wrap uagb-block-cecevxhg uagb-forms__default-btn\"><form class=\"uagb-forms-main-form\" method=\"post\" autocomplete=\"on\" name=\"uagb-form-cecevxhg\">\n<div class=\"wp-block-uagb-forms-name uagb-forms-name-wrap uagb-forms-field-set uagb-block-wqockh4m uag-col-2\"><div class=\"uagb-forms-name-label required uagb-forms-input-label\" id=\"wqockh4m\">Nombre<\/div><input type=\"text\" placeholder=\"\" required class=\"uagb-forms-name-input uagb-forms-input\" name=\"wqockh4m\" autocomplete=\"given-name\"\/><\/div>\n\n\n\n<div class=\"wp-block-uagb-forms-name uagb-forms-name-wrap uagb-forms-field-set uagb-block-mxv7twew uag-col-2\"><div class=\"uagb-forms-name-label required uagb-forms-input-label\" id=\"mxv7twew\">Apellido<\/div><input type=\"text\" placeholder=\"\" required class=\"uagb-forms-name-input uagb-forms-input\" name=\"mxv7twew\" autocomplete=\"family-name\"\/><\/div>\n\n\n\n<div class=\"wp-block-uagb-forms-email uagb-forms-email-wrap uagb-forms-field-set uagb-block-eypy1iuf\"><div class=\"uagb-forms-email-label required uagb-forms-input-label\" id=\"eypy1iuf\">Email<\/div><input type=\"email\" class=\"uagb-forms-email-input uagb-forms-input\" placeholder=\"\" required name=\"eypy1iuf\" autocomplete=\"email\"\/><\/div>\n\n\n\n<div class=\"wp-block-uagb-forms-textarea uagb-forms-textarea-wrap uagb-forms-field-set uagb-block-pjizyfaa\"><div class=\"uagb-forms-textarea-label required uagb-forms-input-label\" id=\"pjizyfaa\">Mensaje<\/div><textarea required class=\"uagb-forms-textarea-input uagb-forms-input\" rows=\"6\" placeholder=\"\" name=\"pjizyfaa\" autocomplete=\"off\"><\/textarea><\/div>\n<div class=\"uagb-forms-form-hidden-data\"><input type=\"hidden\" class=\"uagb_forms_form_label\" value=\"Spectra Form\"\/><input type=\"hidden\" class=\"uagb_forms_form_id\" value=\"uagb-form-cecevxhg\"\/><\/div><div class=\"uagb-form-reacaptcha-error-cecevxhg\"><\/div><div class=\"uagb-forms-main-submit-button-wrap wp-block-button\"><button class=\"uagb-forms-main-submit-button wp-block-button__link\"><div class=\"uagb-forms-main-submit-button-text\">Enviar<\/div><\/button><\/div><\/form><div class=\"uagb-forms-success-message-cecevxhg uagb-forms-submit-message-hide\"><span>Su mensaje ha sido enviado con \u00e9xito.<\/span><\/div><div class=\"uagb-forms-failed-message-cecevxhg uagb-forms-submit-message-hide\"><span>El mensaje no ha sido entregado, intente nuevamente.<\/span><\/div><\/div>\n<\/div>\n<\/div><\/div>\n","protected":false},"excerpt":{"rendered":"","protected":false},"author":1,"featured_media":0,"parent":0,"menu_order":0,"comment_status":"closed","ping_status":"closed","template":"","meta":{"_uag_custom_page_level_css":"","site-sidebar-layout":"default","site-content-layout":"","ast-site-content-layout":"default","site-content-style":"default","site-sidebar-style":"default","ast-global-header-display":"","ast-banner-title-visibility":"","ast-main-header-display":"","ast-hfb-above-header-display":"","ast-hfb-below-header-display":"","ast-hfb-mobile-header-display":"","site-post-title":"disabled","ast-breadcrumbs-content":"","ast-featured-img":"","footer-sml-layout":"","theme-transparent-header-meta":"","adv-header-id-meta":"","stick-header-meta":"","header-above-stick-meta":"","header-main-stick-meta":"","header-below-stick-meta":"","astra-migrate-meta-layouts":"default","ast-page-background-enabled":"default","ast-page-background-meta":{"desktop":{"background-color":"var(--ast-global-color-5)","background-image":"","background-repeat":"repeat","background-position":"center center","background-size":"auto","background-attachment":"scroll","background-type":"","background-media":"","overlay-type":"","overlay-color":"","overlay-opacity":"","overlay-gradient":""},"tablet":{"background-color":"","background-image":"","background-repeat":"repeat","background-position":"center center","background-size":"auto","background-attachment":"scroll","background-type":"","background-media":"","overlay-type":"","overlay-color":"","overlay-opacity":"","overlay-gradient":""},"mobile":{"background-color":"","background-image":"","background-repeat":"repeat","background-position":"center center","background-size":"auto","background-attachment":"scroll","background-type":"","background-media":"","overlay-type":"","overlay-color":"","overlay-opacity":"","overlay-gradient":""}},"ast-content-background-meta":{"desktop":{"background-color":"var(--ast-global-color-4)","background-image":"","background-repeat":"repeat","background-position":"center center","background-size":"auto","background-attachment":"scroll","background-type":"","background-media":"","overlay-type":"","overlay-color":"","overlay-opacity":"","overlay-gradient":""},"tablet":{"background-color":"var(--ast-global-color-4)","background-image":"","background-repeat":"repeat","background-position":"center center","background-size":"auto","background-attachment":"scroll","background-type":"","background-media":"","overlay-type":"","overlay-color":"","overlay-opacity":"","overlay-gradient":""},"mobile":{"background-color":"var(--ast-global-color-4)","background-image":"","background-repeat":"repeat","background-position":"center center","background-size":"auto","background-attachment":"scroll","background-type":"","background-media":"","overlay-type":"","overlay-color":"","overlay-opacity":"","overlay-gradient":""}},"footnotes":""},"class_list":["post-76","page","type-page","status-publish","hentry"],"uagb_featured_image_src":{"full":false,"thumbnail":false,"medium":false,"medium_large":false,"large":false,"1536x1536":false,"2048x2048":false},"uagb_author_info":{"display_name":"admin","author_link":"https:\/\/mvsconsultores.cl\/index.php\/author\/rodrigomvs\/"},"uagb_comment_info":0,"uagb_excerpt":null,"_links":{"self":[{"href":"https:\/\/mvsconsultores.cl\/index.php\/wp-json\/wp\/v2\/pages\/76","targetHints":{"allow":["GET"]}}],"collection":[{"href":"https:\/\/mvsconsultores.cl\/index.php\/wp-json\/wp\/v2\/pages"}],"about":[{"href":"https:\/\/mvsconsultores.cl\/index.php\/wp-json\/wp\/v2\/types\/page"}],"author":[{"embeddable":true,"href":"https:\/\/mvsconsultores.cl\/index.php\/wp-json\/wp\/v2\/users\/1"}],"replies":[{"embeddable":true,"href":"https:\/\/mvsconsultores.cl\/index.php\/wp-json\/wp\/v2\/comments?post=76"}],"version-history":[{"count":7,"href":"https:\/\/mvsconsultores.cl\/index.php\/wp-json\/wp\/v2\/pages\/76\/revisions"}],"predecessor-version":[{"id":145,"href":"https:\/\/mvsconsultores.cl\/index.php\/wp-json\/wp\/v2\/pages\/76\/revisions\/145"}],"wp:attachment":[{"href":"https:\/\/mvsconsultores.cl\/index.php\/wp-json\/wp\/v2\/media?parent=76"}],"curies":[{"name":"wp","href":"https:\/\/api.w.org\/{rel}","templated":true}]}}